{"id":248,"date":"2023-08-23T09:57:56","date_gmt":"2023-08-23T15:57:56","guid":{"rendered":"https:\/\/grupoatzavera.com\/?page_id=248"},"modified":"2023-08-23T10:07:38","modified_gmt":"2023-08-23T16:07:38","slug":"area-industrial","status":"publish","type":"page","link":"https:\/\/grupoatzavera.com\/index.php\/area-industrial\/","title":{"rendered":"Area Industrial"},"content":{"rendered":"\n<p>Grupo Atzavera cuenta con una moderna planta de procesamiento industrial de aloe vera.<\/p>\n\n\n\n<p>Nuestra planta de procesamiento industrial de aloe vera se encuentra localizada en el Km 36.7 de la Carretera Estatal Libre Victoria &#8211; Zaragoza, en el estado de Tamaulipas, Mexico, en el municipio de Llera de Canales, a escasa distancia de Ciudad Victoria, la capital del estado de Tamaulipas.<\/p>\n\n\n\n<p>La procesadora industrial de aloe, cuenta con moderna tecnolog\u00eda en sus renovadas instalaciones. <\/p>\n\n\n\n<figure class=\"wp-block-image size-large\"><img loading=\"lazy\" decoding=\"async\" width=\"768\" height=\"1024\" src=\"https:\/\/grupoatzavera.com\/wp-content\/uploads\/2023\/08\/IMG-5255-768x1024.jpg\" alt=\"Caldera de vapor\" class=\"wp-image-189\" srcset=\"https:\/\/grupoatzavera.com\/wp-content\/uploads\/2023\/08\/IMG-5255-768x1024.jpg 768w, https:\/\/grupoatzavera.com\/wp-content\/uploads\/2023\/08\/IMG-5255-225x300.jpg 225w, https:\/\/grupoatzavera.com\/wp-content\/uploads\/2023\/08\/IMG-5255-1152x1536.jpg 1152w, https:\/\/grupoatzavera.com\/wp-content\/uploads\/2023\/08\/IMG-5255-1536x2048.jpg 1536w, https:\/\/grupoatzavera.com\/wp-content\/uploads\/2023\/08\/IMG-5255-1568x2091.jpg 1568w, https:\/\/grupoatzavera.com\/wp-content\/uploads\/2023\/08\/IMG-5255-scaled.jpg 1920w\" sizes=\"auto, (max-width: 768px) 100vw, 768px\" \/><figcaption class=\"wp-element-caption\">Caldera de generaci\u00f3n de vapor <\/figcaption><\/figure>\n\n\n\n<figure class=\"wp-block-image size-large\"><img loading=\"lazy\" decoding=\"async\" width=\"1024\" height=\"768\" src=\"https:\/\/grupoatzavera.com\/wp-content\/uploads\/2023\/08\/IMG-3664-1024x768.jpg\" alt=\"Equipos de fileteo de aloe\" class=\"wp-image-255\" srcset=\"https:\/\/grupoatzavera.com\/wp-content\/uploads\/2023\/08\/IMG-3664-1024x768.jpg 1024w, https:\/\/grupoatzavera.com\/wp-content\/uploads\/2023\/08\/IMG-3664-300x225.jpg 300w, https:\/\/grupoatzavera.com\/wp-content\/uploads\/2023\/08\/IMG-3664-768x576.jpg 768w, https:\/\/grupoatzavera.com\/wp-content\/uploads\/2023\/08\/IMG-3664-1536x1152.jpg 1536w, https:\/\/grupoatzavera.com\/wp-content\/uploads\/2023\/08\/IMG-3664-2048x1536.jpg 2048w, https:\/\/grupoatzavera.com\/wp-content\/uploads\/2023\/08\/IMG-3664-1568x1176.jpg 1568w\" sizes=\"auto, (max-width: 1024px) 100vw, 1024px\" \/><figcaption class=\"wp-element-caption\">L\u00edneas de fileteado de aloe vera<\/figcaption><\/figure>\n\n\n\n<figure class=\"wp-block-image size-large\"><img loading=\"lazy\" decoding=\"async\" width=\"768\" height=\"1024\" src=\"https:\/\/grupoatzavera.com\/wp-content\/uploads\/2023\/08\/IMG-3652-768x1024.jpg\" alt=\"planta de tratamiento de agua\" class=\"wp-image-253\" srcset=\"https:\/\/grupoatzavera.com\/wp-content\/uploads\/2023\/08\/IMG-3652-768x1024.jpg 768w, https:\/\/grupoatzavera.com\/wp-content\/uploads\/2023\/08\/IMG-3652-225x300.jpg 225w, https:\/\/grupoatzavera.com\/wp-content\/uploads\/2023\/08\/IMG-3652-1152x1536.jpg 1152w, https:\/\/grupoatzavera.com\/wp-content\/uploads\/2023\/08\/IMG-3652-1536x2048.jpg 1536w, https:\/\/grupoatzavera.com\/wp-content\/uploads\/2023\/08\/IMG-3652-1568x2091.jpg 1568w, https:\/\/grupoatzavera.com\/wp-content\/uploads\/2023\/08\/IMG-3652-scaled.jpg 1920w\" sizes=\"auto, (max-width: 768px) 100vw, 768px\" \/><figcaption class=\"wp-element-caption\">Planta de tratamiento de agua<\/figcaption><\/figure>\n\n\n\n<p>En esta planta se realizan b\u00e1sicamente varios procesos industriales separados:<\/p>\n\n\n\n<ol class=\"wp-block-list\">\n<li>Procesamiento industrial del aloe. Luego de la recepci\u00f3n de hojas de aloe vera, se procede a su cortado y despinado, lavado y sanitizado. Luego procede el proceso de fileteado o molienda (dependiendo si se desea producir jugo de aloe de filete interior 1X o jugo de aloe de hoja entera 1X), para posteriormente pasar por procesos de filtrado, y estabilizaci\u00f3n del producto, a trav\u00e9s de sistemas de pasteurizaci\u00f3n y enfriado. Luego el producto final obtenido se env\u00eda al \u00e1rea de almacenamiento como materia prima para venta o su uso en otros procesos industriales dentro de Grupo Atzavera.<\/li>\n\n\n\n<li>Producci\u00f3n de bebidas de aloe. Con el jugo de aloe de filete interior 1X obtenido en el proceso anterior, se producen bebidas de aloe vera con diferentes sabores y se envasan dentro de otra \u00e1rea de la planta industrial, producto que luego se destina a los mercados internacionales.<\/li>\n\n\n\n<li>Producci\u00f3n de Cubos y Filetes de aloe. Luego de la recepci\u00f3n de hojas de aloe vera, se procede a su cortado y despinado, lavado y sanitizado. Luego procede el proceso de fileteado, y posterior transformaci\u00f3n en filetes o cubos de aloe los cuales se envasan en empaques para la venta al p\u00fablico, que luego se destina a los mercados internacionales.<\/li>\n<\/ol>\n\n\n\n<p>Nuestra planta industrial cuenta con certificaci\u00f3n org\u00e1nica de los procesos de manufactura. Esa certificaci\u00f3n alcanza a los programas LPOMEX de M\u00e9xico, NOP-USDA de Estados Unidos, Canada-COR de Canad\u00e1 y el programa de certificaci\u00f3n org\u00e1nica de la Uni\u00f3n Europea.<\/p>\n\n\n\n<p>Ademas, contamos con certificaci\u00f3n Kosher Parve y Halal de nuestra planta industrial y de los productos que all\u00ed se manufacturan y procesan.<\/p>\n","protected":false},"excerpt":{"rendered":"<p>Grupo Atzavera cuenta con una moderna planta de procesamiento industrial de aloe vera. Nuestra planta de procesamiento industrial de aloe vera se encuentra localizada en el Km 36.7 de la Carretera Estatal Libre Victoria &#8211; Zaragoza, en el estado de Tamaulipas, Mexico, en el municipio de Llera de Canales, a escasa distancia de Ciudad Victoria,&hellip; <a class=\"more-link\" href=\"https:\/\/grupoatzavera.com\/index.php\/area-industrial\/\">Continue reading <span class=\"screen-reader-text\">Area Industrial<\/span><\/a><\/p>\n","protected":false},"author":1,"featured_media":0,"parent":0,"menu_order":0,"comment_status":"closed","ping_status":"closed","template":"","meta":{"_exactmetrics_skip_tracking":false,"_exactmetrics_sitenote_active":false,"_exactmetrics_sitenote_note":"","_exactmetrics_sitenote_category":0,"_monsterinsights_skip_tracking":false,"_monsterinsights_sitenote_active":false,"_monsterinsights_sitenote_note":"","_monsterinsights_sitenote_category":0,"footnotes":""},"class_list":["post-248","page","type-page","status-publish","hentry","entry"],"aioseo_notices":[],"_links":{"self":[{"href":"https:\/\/grupoatzavera.com\/index.php\/wp-json\/wp\/v2\/pages\/248","targetHints":{"allow":["GET"]}}],"collection":[{"href":"https:\/\/grupoatzavera.com\/index.php\/wp-json\/wp\/v2\/pages"}],"about":[{"href":"https:\/\/grupoatzavera.com\/index.php\/wp-json\/wp\/v2\/types\/page"}],"author":[{"embeddable":true,"href":"https:\/\/grupoatzavera.com\/index.php\/wp-json\/wp\/v2\/users\/1"}],"replies":[{"embeddable":true,"href":"https:\/\/grupoatzavera.com\/index.php\/wp-json\/wp\/v2\/comments?post=248"}],"version-history":[{"count":2,"href":"https:\/\/grupoatzavera.com\/index.php\/wp-json\/wp\/v2\/pages\/248\/revisions"}],"predecessor-version":[{"id":258,"href":"https:\/\/grupoatzavera.com\/index.php\/wp-json\/wp\/v2\/pages\/248\/revisions\/258"}],"wp:attachment":[{"href":"https:\/\/grupoatzavera.com\/index.php\/wp-json\/wp\/v2\/media?parent=248"}],"curies":[{"name":"wp","href":"https:\/\/api.w.org\/{rel}","templated":true}]}}